[INFO] cloning repository https://github.com/martinisoft/listbotto
[INFO] running `Command { std: "git" "-c" "credential.helper=" "-c" "credential.helper=/workspace/cargo-home/bin/git-credential-null" "clone" "--bare" "https://github.com/martinisoft/listbotto" "/workspace/cache/git-repos/https%3A%2F%2Fgithub.com%2Fmartinisoft%2Flistbotto", kill_on_drop: false }`
[INFO] [stderr] Cloning into bare repository '/workspace/cache/git-repos/https%3A%2F%2Fgithub.com%2Fmartinisoft%2Flistbotto'...
[INFO] running `Command { std: "git" "rev-parse" "HEAD", kill_on_drop: false }`
[INFO] [stdout] 2baaa513eb2af2c0182029db0827a96ca5ffbf38
[INFO] checking martinisoft/listbotto against master#af3c6e733a40e671550e0f0f5aeecaa13772ba56 for pr-74989
[INFO] running `Command { std: "git" "clone" "/workspace/cache/git-repos/https%3A%2F%2Fgithub.com%2Fmartinisoft%2Flistbotto" "/workspace/builds/worker-1/source", kill_on_drop: false }`
[INFO] [stderr] Cloning into '/workspace/builds/worker-1/source'...
[INFO] [stderr] done.
[INFO] validating manifest of git repo https://github.com/martinisoft/listbotto on toolchain af3c6e733a40e671550e0f0f5aeecaa13772ba56
[INFO] running `Command { std: "/workspace/cargo-home/bin/cargo" "+af3c6e733a40e671550e0f0f5aeecaa13772ba56" "read-manifest" "--manifest-path" "Cargo.toml", kill_on_drop: false }`
[INFO] started tweaking git repo https://github.com/martinisoft/listbotto
[INFO] finished tweaking git repo https://github.com/martinisoft/listbotto
[INFO] tweaked toml for git repo https://github.com/martinisoft/listbotto written to /workspace/builds/worker-1/source/Cargo.toml
[INFO] crate git repo https://github.com/martinisoft/listbotto already has a lockfile, it will not be regenerated
[INFO] running `Command { std: "/workspace/cargo-home/bin/cargo" "+af3c6e733a40e671550e0f0f5aeecaa13772ba56" "fetch" "--locked" "--manifest-path" "Cargo.toml", kill_on_drop: false }`
[INFO] [stderr] error: the lock file /workspace/builds/worker-1/source/Cargo.lock needs to be updated but --locked was passed to prevent this
[INFO] [stderr] If you want to try to generate the lock file without accessing the network, use the --offline flag.
[INFO] the lockfile is outdated, regenerating it
[INFO] running `Command { std: "/workspace/cargo-home/bin/cargo" "+af3c6e733a40e671550e0f0f5aeecaa13772ba56" "generate-lockfile" "--manifest-path" "Cargo.toml" "-Zno-index-update", kill_on_drop: false }`
[INFO] running `Command { std: "/workspace/cargo-home/bin/cargo" "+af3c6e733a40e671550e0f0f5aeecaa13772ba56" "fetch" "--locked" "--manifest-path" "Cargo.toml", kill_on_drop: false }`
[INFO] running `Command { std: "docker" "create" "-v" "/var/lib/crater-agent-workspace/builds/worker-1/target:/opt/rustwide/target:rw,Z" "-v" "/var/lib/crater-agent-workspace/builds/worker-1/source:/opt/rustwide/workdir:ro,Z" "-v" "/var/lib/crater-agent-workspace/cargo-home:/opt/rustwide/cargo-home:ro,Z" "-v" "/var/lib/crater-agent-workspace/rustup-home:/opt/rustwide/rustup-home:ro,Z" "-e" "SOURCE_DIR=/opt/rustwide/workdir" "-e" "CARGO_TARGET_DIR=/opt/rustwide/target" "-e" "CARGO_HOME=/opt/rustwide/cargo-home" "-e" "RUSTUP_HOME=/opt/rustwide/rustup-home" "-w" "/opt/rustwide/workdir" "-m" "1610612736" "--user" "0:0" "--network" "none" "rustops/crates-build-env@sha256:d92eaeed33fa75130ca1ee6c8a01d1ffb62bac859dfdfb3450e3e5d1c0146529" "/opt/rustwide/cargo-home/bin/cargo" "+af3c6e733a40e671550e0f0f5aeecaa13772ba56" "metadata" "--no-deps" "--format-version=1", kill_on_drop: false }`
[INFO] [stderr] WARNING: Your kernel does not support swap limit capabilities or the cgroup is not mounted. Memory limited without swap.
[INFO] [stdout] 9104a356aae50b4bc684a772348c6e1c20a3130003281fd96879cd280971bc11
[INFO] running `Command { std: "docker" "start" "-a" "9104a356aae50b4bc684a772348c6e1c20a3130003281fd96879cd280971bc11", kill_on_drop: false }`
[INFO] running `Command { std: "docker" "inspect" "9104a356aae50b4bc684a772348c6e1c20a3130003281fd96879cd280971bc11", kill_on_drop: false }`
[INFO] running `Command { std: "docker" "rm" "-f" "9104a356aae50b4bc684a772348c6e1c20a3130003281fd96879cd280971bc11", kill_on_drop: false }`
[INFO] [stdout] 9104a356aae50b4bc684a772348c6e1c20a3130003281fd96879cd280971bc11
[INFO] running `Command { std: "docker" "create" "-v" "/var/lib/crater-agent-workspace/builds/worker-1/target:/opt/rustwide/target:rw,Z" "-v" "/var/lib/crater-agent-workspace/builds/worker-1/source:/opt/rustwide/workdir:ro,Z" "-v" "/var/lib/crater-agent-workspace/cargo-home:/opt/rustwide/cargo-home:ro,Z" "-v" "/var/lib/crater-agent-workspace/rustup-home:/opt/rustwide/rustup-home:ro,Z" "-e" "SOURCE_DIR=/opt/rustwide/workdir" "-e" "CARGO_TARGET_DIR=/opt/rustwide/target" "-e" "CARGO_INCREMENTAL=0" "-e" "RUST_BACKTRACE=full" "-e" "RUSTFLAGS=--cap-lints=forbid" "-e" "CARGO_HOME=/opt/rustwide/cargo-home" "-e" "RUSTUP_HOME=/opt/rustwide/rustup-home" "-w" "/opt/rustwide/workdir" "-m" "1610612736" "--user" "0:0" "--network" "none" "rustops/crates-build-env@sha256:d92eaeed33fa75130ca1ee6c8a01d1ffb62bac859dfdfb3450e3e5d1c0146529" "/opt/rustwide/cargo-home/bin/cargo" "+af3c6e733a40e671550e0f0f5aeecaa13772ba56" "check" "--frozen" "--all" "--all-targets" "--message-format=json", kill_on_drop: false }`
[INFO] [stdout] 6958cf73a53a071c33fda9607a956c739284d881e3481498358e0900f3ac978b
[INFO] [stderr] WARNING: Your kernel does not support swap limit capabilities or the cgroup is not mounted. Memory limited without swap.
[INFO] running `Command { std: "docker" "start" "-a" "6958cf73a53a071c33fda9607a956c739284d881e3481498358e0900f3ac978b", kill_on_drop: false }`
[INFO] [stderr]     Checking traitobject v0.1.0
[INFO] [stderr]     Checking c_vec v1.0.12
[INFO] [stderr]     Checking modifier v0.1.0
[INFO] [stderr]     Checking conduit-mime-types v0.7.3
[INFO] [stderr]     Checking num_cpus v0.2.13
[INFO] [stderr]    Compiling unicase v1.4.2
[INFO] [stderr]     Checking rand v0.3.23
[INFO] [stderr]     Checking log v0.3.9
[INFO] [stderr]     Checking cookie v0.2.5
[INFO] [stderr]     Checking unsafe-any v0.4.2
[INFO] [stderr]     Checking error v0.1.9
[INFO] [stderr]     Checking fmod v0.10.1
[INFO] [stderr]     Checking hpack v0.2.0
[INFO] [stderr]     Checking mime v0.2.6
[INFO] [stderr]     Checking typemap v0.3.3
[INFO] [stderr]     Checking plugin v0.2.6
[INFO] [stderr]     Checking solicit v0.4.4
[INFO] [stderr]     Checking hyper v0.9.18
[INFO] [stderr]     Checking iron v0.4.0
[INFO] [stderr]     Checking listbotto v0.1.0 (/opt/rustwide/workdir)
[INFO] [stdout] error[E0433]: failed to resolve: could not find `Result` in `rfmod`
[INFO] [stdout]   --> src/player.rs:47:20
[INFO] [stdout]    |
[INFO] [stdout] 47 |             rfmod::Result::Ok
[INFO] [stdout]    |                    ^^^^^^ could not find `Result` in `rfmod`
[INFO] [stdout] 
[INFO] [stdout] 
[INFO] [stdout] error[E0433]: failed to resolve: could not find `Result` in `rfmod`
[INFO] [stdout]   --> src/player.rs:67:16
[INFO] [stdout]    |
[INFO] [stdout] 67 |         rfmod::Result::Ok => {}
[INFO] [stdout]    |                ^^^^^^ could not find `Result` in `rfmod`
[INFO] [stdout] 
[INFO] [stdout] 
[INFO] [stdout] error[E0433]: failed to resolve: could not find `Result` in `rfmod`
[INFO] [stdout]   --> src/player.rs:81:16
[INFO] [stdout]    |
[INFO] [stdout] 81 |         rfmod::Result::Ok => {
[INFO] [stdout]    |                ^^^^^^ could not find `Result` in `rfmod`
[INFO] [stdout] 
[INFO] [stdout] 
[INFO] [stdout] error[E0412]: cannot find type `Result` in crate `rfmod`
[INFO] [stdout]   --> src/player.rs:10:63
[INFO] [stdout]    |
[INFO] [stdout] 10 | fn play_to_the_end(sound: rfmod::Sound, len: usize) -> rfmod::Result {
[INFO] [stdout]    |                                                               ^^^^^^ not found in `rfmod`
[INFO] [stdout]    |
[INFO] [stdout] help: consider importing one of these items
[INFO] [stdout]    |
[INFO] [stdout] 3  | use getopts::Result;
[INFO] [stdout]    |
[INFO] [stdout] 3  | use std::fmt::Result;
[INFO] [stdout]    |
[INFO] [stdout] 3  | use std::io::Result;
[INFO] [stdout]    |
[INFO] [stdout] 3  | use std::result::Result;
[INFO] [stdout]    |
[INFO] [stdout]      and 1 other candidate
[INFO] [stdout] 
[INFO] [stdout] 
[INFO] [stdout] warning: unused `#[macro_use]` import
[INFO] [stdout]  --> src/main.rs:6:1
[INFO] [stdout]   |
[INFO] [stdout] 6 | #[macro_use] extern crate mime;
[INFO] [stdout]   | ^^^^^^^^^^^^
[INFO] [stdout]   |
[INFO] [stdout]   = note: `#[warn(unused_imports)]` on by default
[INFO] [stdout] 
[INFO] [stdout] 
[INFO] [stdout] warning: use of deprecated function `rand::sample`: renamed to seq::sample_iter
[INFO] [stdout]  --> src/player.rs:3:24
[INFO] [stdout]   |
[INFO] [stdout] 3 | use rand::{thread_rng, sample};
[INFO] [stdout]   |                        ^^^^^^
[INFO] [stdout]   |
[INFO] [stdout]   = note: `#[warn(deprecated)]` on by default
[INFO] [stdout] 
[INFO] [stdout] 
[INFO] [stdout] warning: use of deprecated function `rand::sample`: renamed to seq::sample_iter
[INFO] [stdout]   --> src/player.rs:57:20
[INFO] [stdout]    |
[INFO] [stdout] 57 |     let ref song = sample(&mut rng, files, 1)[0];
[INFO] [stdout]    |                    ^^^^^^
[INFO] [stdout] 
[INFO] [stdout] 
[INFO] [stdout] error[E0433]: failed to resolve: could not find `Result` in `rfmod`
[INFO] [stdout]   --> src/player.rs:47:20
[INFO] [stdout]    |
[INFO] [stdout] 47 |             rfmod::Result::Ok
[INFO] [stdout]    |                    ^^^^^^ could not find `Result` in `rfmod`
[INFO] [stdout] 
[INFO] [stdout] 
[INFO] [stdout] error[E0433]: failed to resolve: could not find `Result` in `rfmod`
[INFO] [stdout]   --> src/player.rs:67:16
[INFO] [stdout]    |
[INFO] [stdout] 67 |         rfmod::Result::Ok => {}
[INFO] [stdout]    |                ^^^^^^ could not find `Result` in `rfmod`
[INFO] [stdout] 
[INFO] [stdout] 
[INFO] [stdout] error[E0433]: failed to resolve: could not find `Result` in `rfmod`
[INFO] [stdout]   --> src/player.rs:81:16
[INFO] [stdout]    |
[INFO] [stdout] 81 |         rfmod::Result::Ok => {
[INFO] [stdout]    |                ^^^^^^ could not find `Result` in `rfmod`
[INFO] [stdout] 
[INFO] [stdout] 
[INFO] [stdout] error[E0412]: cannot find type `Result` in crate `rfmod`
[INFO] [stdout]   --> src/player.rs:10:63
[INFO] [stdout]    |
[INFO] [stdout] 10 | fn play_to_the_end(sound: rfmod::Sound, len: usize) -> rfmod::Result {
[INFO] [stdout]    |                                                               ^^^^^^ not found in `rfmod`
[INFO] [stdout]    |
[INFO] [stdout] help: consider importing one of these items
[INFO] [stdout]    |
[INFO] [stdout] 3  | use getopts::Result;
[INFO] [stdout]    |
[INFO] [stdout] 3  | use std::fmt::Result;
[INFO] [stdout]    |
[INFO] [stdout] 3  | use std::io::Result;
[INFO] [stdout]    |
[INFO] [stdout] 3  | use std::result::Result;
[INFO] [stdout]    |
[INFO] [stdout]      and 1 other candidate
[INFO] [stdout] 
[INFO] [stdout] 
[INFO] [stdout] warning: unused `#[macro_use]` import
[INFO] [stdout]  --> src/main.rs:6:1
[INFO] [stdout]   |
[INFO] [stdout] 6 | #[macro_use] extern crate mime;
[INFO] [stdout]   | ^^^^^^^^^^^^
[INFO] [stdout]   |
[INFO] [stdout]   = note: `#[warn(unused_imports)]` on by default
[INFO] [stdout] 
[INFO] [stdout] 
[INFO] [stdout] warning: use of deprecated function `rand::sample`: renamed to seq::sample_iter
[INFO] [stdout]  --> src/player.rs:3:24
[INFO] [stdout]   |
[INFO] [stdout] 3 | use rand::{thread_rng, sample};
[INFO] [stdout]   |                        ^^^^^^
[INFO] [stdout]   |
[INFO] [stdout]   = note: `#[warn(deprecated)]` on by default
[INFO] [stdout] 
[INFO] [stdout] 
[INFO] [stdout] warning: use of deprecated function `rand::sample`: renamed to seq::sample_iter
[INFO] [stdout]   --> src/player.rs:57:20
[INFO] [stdout]    |
[INFO] [stdout] 57 |     let ref song = sample(&mut rng, files, 1)[0];
[INFO] [stdout]    |                    ^^^^^^
[INFO] [stdout] 
[INFO] [stdout] 
[INFO] [stdout] error: aborting due to 4 previous errors; 3 warnings emitted
[INFO] [stdout] 
[INFO] [stdout] 
[INFO] [stdout] Some errors have detailed explanations: E0412, E0433.
[INFO] [stdout] 
[INFO] [stdout] For more information about an error, try `rustc --explain E0412`.
[INFO] [stdout] 
[INFO] [stderr] error: could not compile `listbotto`.
[INFO] [stderr] 
[INFO] [stderr] To learn more, run the command again with --verbose.
[INFO] [stderr] warning: build failed, waiting for other jobs to finish...
[INFO] [stdout] error: aborting due to 4 previous errors; 3 warnings emitted
[INFO] [stdout] 
[INFO] [stdout] 
[INFO] [stdout] Some errors have detailed explanations: E0412, E0433.
[INFO] [stdout] 
[INFO] [stdout] For more information about an error, try `rustc --explain E0412`.
[INFO] [stdout] 
[INFO] [stderr] error: build failed
[INFO] running `Command { std: "docker" "inspect" "6958cf73a53a071c33fda9607a956c739284d881e3481498358e0900f3ac978b", kill_on_drop: false }`
[INFO] running `Command { std: "docker" "rm" "-f" "6958cf73a53a071c33fda9607a956c739284d881e3481498358e0900f3ac978b", kill_on_drop: false }`
[INFO] [stdout] 6958cf73a53a071c33fda9607a956c739284d881e3481498358e0900f3ac978b
